{"id":157,"date":"2023-01-21T22:52:12","date_gmt":"2023-01-21T22:52:12","guid":{"rendered":"https:\/\/treesurgeon.wordifysites.com\/?page_id=157"},"modified":"2026-04-16T17:09:11","modified_gmt":"2026-04-16T15:09:11","slug":"about-us","status":"publish","type":"page","link":"https:\/\/www.thaetmeyer.de\/?page_id=157","title":{"rendered":"\u00dcber uns"},"content":{"rendered":"<section class=\"gb-container gb-container-25bc6b91\">\n<div class=\"gb-container gb-container-f2eb6521\">\n<div class=\"gb-container gb-container-33eb735c\">\n\n<p class=\"gb-headline gb-headline-f1159141\"><span class=\"gb-icon\"><svg viewBox=\"0 0 32 32\" xmlns=\"http:\/\/www.w3.org\/2000\/svg\"><path d=\"m28.082 9.534-.176.525c.674 3.296.425 6.877-1.276 10.787.247-2.511.206-4.913-.182-7.215-.458.891-1.042 1.755-1.64 2.624.085 2.497-.381 5.132-1.603 7.944.196-1.997.16-3.922-.036-5.794a21.341 21.341 0 0 1-2.697 2.587 19.528 19.528 0 0 1-1.421 4.92c.132-1.348.154-2.68.109-3.972-2.221 1.51-4.858 2.718-8.053 3.389 2.691-1.51 4.838-3.068 6.596-4.665a31.904 31.904 0 0 0-3.535-.51 16.922 16.922 0 0 1 4.628-.51c1.075-1.099 1.973-2.205 2.697-3.353a24.868 24.868 0 0 0-6.086-.328c2.355-1.14 4.702-1.538 7.033-1.385.602-1.24 1.014-2.523 1.312-3.826-1.773-.168-3.704.253-5.904.802 1.986-1.82 4.133-2.61 6.268-2.842.111-.903.169-1.808.18-2.741-9.848-7.007-7.239 16.56-22.665 20.346 12.693 7.863 37.271-3.539 26.451-16.782zm-2.294-7.688c.628-.305 1.39-.323 1.968.219.33 3.103-.68 9.663-4.665 14.249 3.039-5.538 3.261-9.548 2.697-14.467z\"><\/path><\/svg><\/span><span class=\"gb-headline-text\">Unsere Leistungen<\/span><\/p>\n\n\n\n<h2 class=\"gb-headline gb-headline-8a916cc0 gb-headline-text\">Service f\u00fcr Kettens\u00e4gen und Rasenm\u00e4her<\/h2>\n\n\n\n<p><br>Arbeiten bei der Inspektion und Wartung von Rasenm\u00e4hern:<br>z.B.Reinigung, Luftfilter reinigen, Messer \/ Kette sch\u00e4rfen \/ schleifen und wuchten, R\u00e4der fetten, Riemen pr\u00fcfen, Vergaser\/regler pr\u00fcfen, abschmieren und \u00f6len, Probelauf, Radantrieb auf Funktion pr\u00fcfen<\/p>\n\n\n\n<p>Arbeiten bei der Inspektion und Wartung von Kettens\u00e4gen:<br>z.B. Reinigung, Luftfilter reinigen, Kette sch\u00e4rfen , Vergaser pr\u00fcfen % reinigen, Probelauf<\/p>\n\n\n<div class=\"gb-container gb-container-1935a7ba\">\n\n<a class=\"gb-button gb-button-ff055387 gb-button-text\" href=\"https:\/\/www.thaetmeyer.de\/?page_id=163\">Kontaktieren sie uns<\/a>\n\n<\/div>\n<\/div>\n\n<div class=\"gb-container gb-container-f0d06f1b\">\n<div class=\"gb-container gb-container-842fef00\">\n\n<figure class=\"gb-block-image gb-block-image-3f4eab68\"><img loading=\"lazy\" decoding=\"async\" width=\"150\" height=\"150\" class=\"gb-image gb-image-3f4eab68\" src=\"https:\/\/www.thaetmeyer.de\/wp-content\/uploads\/2024\/12\/Franzen-Kettenschaerfautomat-SA6-150x150.jpg\" alt=\"\" title=\"Franzen Kettensch\u00e4rfautomat SA6\"\/><\/figure>\n\n<\/div>\n\n\n<figure class=\"gb-block-image gb-block-image-dd676f1a\"><img loading=\"lazy\" decoding=\"async\" width=\"2560\" height=\"1707\" class=\"gb-image gb-image-dd676f1a\" src=\"https:\/\/www.thaetmeyer.de\/wp-content\/uploads\/2024\/12\/IMG_0056-scaled.jpg\" alt=\"\" title=\"IMG_0056\" srcset=\"https:\/\/www.thaetmeyer.de\/wp-content\/uploads\/2024\/12\/IMG_0056-scaled.jpg 2560w, https:\/\/www.thaetmeyer.de\/wp-content\/uploads\/2024\/12\/IMG_0056-300x200.jpg 300w, https:\/\/www.thaetmeyer.de\/wp-content\/uploads\/2024\/12\/IMG_0056-1024x683.jpg 1024w, https:\/\/www.thaetmeyer.de\/wp-content\/uploads\/2024\/12\/IMG_0056-768x512.jpg 768w, https:\/\/www.thaetmeyer.de\/wp-content\/uploads\/2024\/12\/IMG_0056-1536x1024.jpg 1536w, https:\/\/www.thaetmeyer.de\/wp-content\/uploads\/2024\/12\/IMG_0056-2048x1365.jpg 2048w\" sizes=\"auto, (max-width: 2560px) 100vw, 2560px\" \/><\/figure>\n\n\n<div class=\"gb-container gb-container-e1bb763f\">\n\n<div class=\"gb-headline gb-headline-b8e2b56a\"><span class=\"gb-icon\"><svg xmlns=\"http:\/\/www.w3.org\/2000\/svg\" xml:space=\"preserve\" viewBox=\"0 0 100 100\"><path d=\"M84.96 70.237c-.167-1.032-.814-1.914-1.783-2.438l-14.335-8.446-.118-.066a4.256 4.256 0 0 0-1.937-.45c-1.201 0-2.348.455-3.144 1.253l-4.231 4.233c-.181.172-.771.421-.95.43-.049-.004-4.923-.355-13.896-9.329-8.957-8.955-9.337-13.844-9.34-13.844.005-.25.251-.838.426-1.02l3.608-3.607c1.271-1.274 1.652-3.386.898-5.022L32.19 16.938c-.579-1.192-1.704-1.928-2.952-1.928-.883 0-1.735.366-2.401 1.031l-9.835 9.813c-.943.938-1.755 2.578-1.932 3.898-.086.631-1.831 15.693 18.819 36.346C51.42 83.627 65.09 84.989 68.865 84.989a10.7 10.7 0 0 0 1.376-.071c1.316-.176 2.954-.986 3.891-1.925l9.827-9.826c.802-.806 1.168-1.871 1.001-2.93z\"><\/path><\/svg><\/span><\/div>\n\n\n\n<p class=\"gb-headline gb-headline-b84f0540 gb-headline-text\">Rufen sie an<\/p>\n\n\n\n<p class=\"gb-headline gb-headline-ff9b5807 gb-headline-text\"><a href=\"tel: 0800 354 6778\">05732 2940<\/a><\/p>\n\n<\/div>\n<\/div>\n<\/div>\n<\/section>\n\n<section class=\"gb-container gb-container-610914ac\">\n<div class=\"gb-container gb-container-a3ed4452\">\n\n<figure class=\"gb-block-image gb-block-image-1925f2e9\"><img loading=\"lazy\" decoding=\"async\" width=\"2479\" height=\"1653\" class=\"gb-image gb-image-1925f2e9\" src=\"https:\/\/www.thaetmeyer.de\/wp-content\/uploads\/2024\/12\/AdobeStock_303692376.jpeg\" alt=\"\" title=\"A chainsaw operator with a big orange chainsaw and wearing protective equipment\" srcset=\"https:\/\/www.thaetmeyer.de\/wp-content\/uploads\/2024\/12\/AdobeStock_303692376.jpeg 2479w, https:\/\/www.thaetmeyer.de\/wp-content\/uploads\/2024\/12\/AdobeStock_303692376-300x200.jpeg 300w, https:\/\/www.thaetmeyer.de\/wp-content\/uploads\/2024\/12\/AdobeStock_303692376-1024x683.jpeg 1024w, https:\/\/www.thaetmeyer.de\/wp-content\/uploads\/2024\/12\/AdobeStock_303692376-768x512.jpeg 768w, https:\/\/www.thaetmeyer.de\/wp-content\/uploads\/2024\/12\/AdobeStock_303692376-1536x1024.jpeg 1536w, https:\/\/www.thaetmeyer.de\/wp-content\/uploads\/2024\/12\/AdobeStock_303692376-2048x1366.jpeg 2048w\" sizes=\"auto, (max-width: 2479px) 100vw, 2479px\" \/><\/figure>\n\n<\/div>\n\n<div class=\"gb-container gb-container-9b08c090\">\n\n<h2 class=\"gb-headline gb-headline-d879851e gb-headline-text\">Besonderer <mark class=\"gb-highlight\">Service<\/mark><\/h2>\n\n\n<div class=\"gb-container gb-container-9e92ffb4\">\n<div class=\"gb-grid-wrapper gb-grid-wrapper-ca8fabc6\">\n<div class=\"gb-grid-column gb-grid-column-3423e27e\"><div class=\"gb-container gb-container-3423e27e\">\n\n<div class=\"gb-headline gb-headline-711b6975\"><span class=\"gb-icon\"><svg aria-hidden=\"true\" role=\"img\" height=\"1em\" width=\"1em\" viewBox=\"0 0 512 512\" xmlns=\"http:\/\/www.w3.org\/2000\/svg\"><path fill=\"currentColor\" d=\"M173.898 439.404l-166.4-166.4c-9.997-9.997-9.997-26.206 0-36.204l36.203-36.204c9.997-9.998 26.207-9.998 36.204 0L192 312.69 432.095 72.596c9.997-9.997 26.207-9.997 36.204 0l36.203 36.204c9.997 9.997 9.997 26.206 0 36.204l-294.4 294.401c-9.998 9.997-26.207 9.997-36.204-.001z\"><\/path><\/svg><\/span><\/div>\n\n\n<div class=\"gb-container gb-container-4ea2fbf1\">\n\n<h3 class=\"gb-headline gb-headline-79589317 gb-headline-text\">Gartenger\u00e4te<\/h3>\n\n\n\n<p class=\"gb-headline gb-headline-d07d49cf gb-headline-text\">Unser Service umfasst Ger\u00e4te mit und ohne Motor<\/p>\n\n<\/div>\n<\/div><\/div>\n\n<div class=\"gb-grid-column gb-grid-column-37db13f4\"><div class=\"gb-container gb-container-37db13f4\">\n\n<div class=\"gb-headline gb-headline-9e6b7dc8\"><span class=\"gb-icon\"><svg aria-hidden=\"true\" role=\"img\" height=\"1em\" width=\"1em\" viewBox=\"0 0 512 512\" xmlns=\"http:\/\/www.w3.org\/2000\/svg\"><path fill=\"currentColor\" d=\"M173.898 439.404l-166.4-166.4c-9.997-9.997-9.997-26.206 0-36.204l36.203-36.204c9.997-9.998 26.207-9.998 36.204 0L192 312.69 432.095 72.596c9.997-9.997 26.207-9.997 36.204 0l36.203 36.204c9.997 9.997 9.997 26.206 0 36.204l-294.4 294.401c-9.998 9.997-26.207 9.997-36.204-.001z\"><\/path><\/svg><\/span><\/div>\n\n\n<div class=\"gb-container gb-container-30a98e1a\">\n\n<h3 class=\"gb-headline gb-headline-e1d3ceff gb-headline-text\">Landmaschinen<\/h3>\n\n\n\n<p class=\"gb-headline gb-headline-912ec133 gb-headline-text\">Ersatzteile und Service f\u00fcr Landmaschinen<\/p>\n\n<\/div>\n<\/div><\/div>\n\n<div class=\"gb-grid-column gb-grid-column-8072e76b\"><div class=\"gb-container gb-container-8072e76b\">\n\n<div class=\"gb-headline gb-headline-abffadb8\"><span class=\"gb-icon\"><svg aria-hidden=\"true\" role=\"img\" height=\"1em\" width=\"1em\" viewBox=\"0 0 512 512\" xmlns=\"http:\/\/www.w3.org\/2000\/svg\"><path fill=\"currentColor\" d=\"M173.898 439.404l-166.4-166.4c-9.997-9.997-9.997-26.206 0-36.204l36.203-36.204c9.997-9.998 26.207-9.998 36.204 0L192 312.69 432.095 72.596c9.997-9.997 26.207-9.997 36.204 0l36.203 36.204c9.997 9.997 9.997 26.206 0 36.204l-294.4 294.401c-9.998 9.997-26.207 9.997-36.204-.001z\"><\/path><\/svg><\/span><\/div>\n\n\n<div class=\"gb-container gb-container-eabf3753\">\n\n<h3 class=\"gb-headline gb-headline-0ad93116 gb-headline-text\">Quad, ATV, UTV<\/h3>\n\n\n\n<p class=\"gb-headline gb-headline-0e4cbc73 gb-headline-text\">Service und Verkauf f\u00fcr Quad, ATV und UTV<\/p>\n\n<\/div>\n<\/div><\/div>\n\n<div class=\"gb-grid-column gb-grid-column-0bc9ddf8\"><div class=\"gb-container gb-container-0bc9ddf8\">\n\n<div class=\"gb-headline gb-headline-41988fca\"><span class=\"gb-icon\"><svg aria-hidden=\"true\" role=\"img\" height=\"1em\" width=\"1em\" viewBox=\"0 0 512 512\" xmlns=\"http:\/\/www.w3.org\/2000\/svg\"><path fill=\"currentColor\" d=\"M173.898 439.404l-166.4-166.4c-9.997-9.997-9.997-26.206 0-36.204l36.203-36.204c9.997-9.998 26.207-9.998 36.204 0L192 312.69 432.095 72.596c9.997-9.997 26.207-9.997 36.204 0l36.203 36.204c9.997 9.997 9.997 26.206 0 36.204l-294.4 294.401c-9.998 9.997-26.207 9.997-36.204-.001z\"><\/path><\/svg><\/span><\/div>\n\n\n<div class=\"gb-container gb-container-4a1593e5\">\n\n<h3 class=\"gb-headline gb-headline-f300e849 gb-headline-text\">M\u00e4hroboter<\/h3>\n\n\n\n<p class=\"gb-headline gb-headline-1f171057 gb-headline-text\">kabellose M\u00e4hroboter &#8211; einfach mehr Komfort<\/p>\n\n<\/div>\n<\/div><\/div>\n<\/div>\n<\/div>\n\n\n<p class=\"gb-headline gb-headline-c4501b5b gb-headline-text\"><br><strong>Wir bieten Ihnen einen Hol- und Bringdienst Ihres Aufsitzm\u00e4her \/ Rasenm\u00e4her aus L\u00f6hne<\/strong><\/p>\n\n<\/div>\n<\/section>\n\n\n<figure class=\"wp-block-gallery has-nested-images columns-5 wp-block-gallery-1 is-layout-flex wp-block-gallery-is-layout-flex\">\n<figure class=\"wp-block-image size-medium\"><a href=\"https:\/\/www.stihl.de\/de\"><img loading=\"lazy\" decoding=\"async\" width=\"300\" height=\"133\" data-id=\"1268\" src=\"https:\/\/www.thaetmeyer.de\/wp-content\/uploads\/2024\/12\/stihl-logo-300x133.jpg\" alt=\"\" class=\"wp-image-1268\" srcset=\"https:\/\/www.thaetmeyer.de\/wp-content\/uploads\/2024\/12\/stihl-logo-300x133.jpg 300w, https:\/\/www.thaetmeyer.de\/wp-content\/uploads\/2024\/12\/stihl-logo-1024x453.jpg 1024w, https:\/\/www.thaetmeyer.de\/wp-content\/uploads\/2024\/12\/stihl-logo-768x340.jpg 768w, https:\/\/www.thaetmeyer.de\/wp-content\/uploads\/2024\/12\/stihl-logo.jpg 1524w\" sizes=\"auto, (max-width: 300px) 100vw, 300px\" \/><\/a><\/figure>\n\n\n\n<figure class=\"wp-block-image size-medium\"><a href=\"https:\/\/alko-garden.de\/\"><img loading=\"lazy\" decoding=\"async\" width=\"300\" height=\"122\" data-id=\"1269\" src=\"https:\/\/www.thaetmeyer.de\/wp-content\/uploads\/2024\/12\/al-ko-300x122.png\" alt=\"\" class=\"wp-image-1269\" srcset=\"https:\/\/www.thaetmeyer.de\/wp-content\/uploads\/2024\/12\/al-ko-300x122.png 300w, https:\/\/www.thaetmeyer.de\/wp-content\/uploads\/2024\/12\/al-ko.png 675w\" sizes=\"auto, (max-width: 300px) 100vw, 300px\" \/><\/a><\/figure>\n\n\n\n<figure class=\"wp-block-image size-medium\"><a href=\"https:\/\/navimow.segway.com\/de\/product\/navimow-h.html\"><img loading=\"lazy\" decoding=\"async\" width=\"300\" height=\"212\" data-id=\"1325\" src=\"https:\/\/www.thaetmeyer.de\/wp-content\/uploads\/2025\/01\/segway1-300x212.png\" alt=\"\" class=\"wp-image-1325\" srcset=\"https:\/\/www.thaetmeyer.de\/wp-content\/uploads\/2025\/01\/segway1-300x212.png 300w, https:\/\/www.thaetmeyer.de\/wp-content\/uploads\/2025\/01\/segway1.png 624w\" sizes=\"auto, (max-width: 300px) 100vw, 300px\" \/><\/a><\/figure>\n\n\n\n<figure class=\"wp-block-image size-medium\"><a href=\"https:\/\/www.granit-parts.com\/\"><img loading=\"lazy\" decoding=\"async\" width=\"300\" height=\"136\" data-id=\"1270\" src=\"https:\/\/www.thaetmeyer.de\/wp-content\/uploads\/2024\/12\/granit-large-300x136.png\" alt=\"\" class=\"wp-image-1270\" srcset=\"https:\/\/www.thaetmeyer.de\/wp-content\/uploads\/2024\/12\/granit-large-300x136.png 300w, https:\/\/www.thaetmeyer.de\/wp-content\/uploads\/2024\/12\/granit-large-768x349.png 768w, https:\/\/www.thaetmeyer.de\/wp-content\/uploads\/2024\/12\/granit-large.png 833w\" sizes=\"auto, (max-width: 300px) 100vw, 300px\" \/><\/a><\/figure>\n\n\n\n<figure class=\"wp-block-image size-medium\"><img loading=\"lazy\" decoding=\"async\" width=\"300\" height=\"123\" data-id=\"1412\" src=\"https:\/\/www.thaetmeyer.de\/wp-content\/uploads\/2026\/04\/echo-logo-300x123.png\" alt=\"\" class=\"wp-image-1412\" srcset=\"https:\/\/www.thaetmeyer.de\/wp-content\/uploads\/2026\/04\/echo-logo-300x123.png 300w, https:\/\/www.thaetmeyer.de\/wp-content\/uploads\/2026\/04\/echo-logo-768x316.png 768w, https:\/\/www.thaetmeyer.de\/wp-content\/uploads\/2026\/04\/echo-logo.png 973w\" sizes=\"auto, (max-width: 300px) 100vw, 300px\" \/><\/figure>\n<\/figure>\n\n\n<section class=\"gb-container gb-container-9b8166a1\">\n\n<p class=\"gb-headline gb-headline-7a2a9358 gb-headline-text\">Unsere Geschichte<\/p>\n\n\n\n<h3 class=\"gb-headline gb-headline-c5662e3d gb-headline-text\">\u00dcber die Firma Garten- und Landtechnik <br>Andreas Th\u00e4tmeyer, Inh. Sascha Markovic<\/h3>\n\n\n\n<figure class=\"wp-block-gallery alignright has-nested-images columns-default is-cropped wp-block-gallery-2 is-layout-flex wp-block-gallery-is-layout-flex\">\n<figure class=\"wp-block-image size-large\"><a href=\"https:\/\/www.thaetmeyer.de\/wp-content\/uploads\/2025\/01\/LN-LOK-03-scaled.jpg\"><img loading=\"lazy\" decoding=\"async\" width=\"740\" height=\"1024\" data-id=\"1301\" src=\"https:\/\/www.thaetmeyer.de\/wp-content\/uploads\/2025\/01\/LN-LOK-03-740x1024.jpg\" alt=\"\" class=\"wp-image-1301\" srcset=\"https:\/\/www.thaetmeyer.de\/wp-content\/uploads\/2025\/01\/LN-LOK-03-740x1024.jpg 740w, https:\/\/www.thaetmeyer.de\/wp-content\/uploads\/2025\/01\/LN-LOK-03-217x300.jpg 217w, https:\/\/www.thaetmeyer.de\/wp-content\/uploads\/2025\/01\/LN-LOK-03-768x1063.jpg 768w, https:\/\/www.thaetmeyer.de\/wp-content\/uploads\/2025\/01\/LN-LOK-03-1109x1536.jpg 1109w, https:\/\/www.thaetmeyer.de\/wp-content\/uploads\/2025\/01\/LN-LOK-03-1479x2048.jpg 1479w, https:\/\/www.thaetmeyer.de\/wp-content\/uploads\/2025\/01\/LN-LOK-03-scaled.jpg 1849w\" sizes=\"auto, (max-width: 740px) 100vw, 740px\" \/><\/a><figcaption class=\"wp-element-caption\">Quelle: Neue Westf\u00e4lische<\/figcaption><\/figure>\n\n\n\n<figure class=\"wp-block-image size-large\"><a href=\"https:\/\/www.thaetmeyer.de\/wp-content\/uploads\/2024\/12\/Stadtgespraech-Quelle-Frau-Patricia-Wolf.jpg\"><img loading=\"lazy\" decoding=\"async\" width=\"430\" height=\"1024\" data-id=\"1263\" src=\"https:\/\/www.thaetmeyer.de\/wp-content\/uploads\/2024\/12\/Stadtgespraech-Quelle-Frau-Patricia-Wolf-430x1024.jpg\" alt=\"\" class=\"wp-image-1263\" srcset=\"https:\/\/www.thaetmeyer.de\/wp-content\/uploads\/2024\/12\/Stadtgespraech-Quelle-Frau-Patricia-Wolf-430x1024.jpg 430w, https:\/\/www.thaetmeyer.de\/wp-content\/uploads\/2024\/12\/Stadtgespraech-Quelle-Frau-Patricia-Wolf-126x300.jpg 126w, https:\/\/www.thaetmeyer.de\/wp-content\/uploads\/2024\/12\/Stadtgespraech-Quelle-Frau-Patricia-Wolf-768x1830.jpg 768w, https:\/\/www.thaetmeyer.de\/wp-content\/uploads\/2024\/12\/Stadtgespraech-Quelle-Frau-Patricia-Wolf-645x1536.jpg 645w, https:\/\/www.thaetmeyer.de\/wp-content\/uploads\/2024\/12\/Stadtgespraech-Quelle-Frau-Patricia-Wolf.jpg 803w\" sizes=\"auto, (max-width: 430px) 100vw, 430px\" \/><\/a><figcaption class=\"wp-element-caption\">Quelle: Stadtgespr\u00e4ch<\/figcaption><\/figure>\n<\/figure>\n\n\n\n<p class=\"gb-headline gb-headline-61829882 gb-headline-text\"><strong>Tradition trifft Innovation \u2013 seit 1959<\/strong><br>Wir blicken auf eine \u00fcber 60-j\u00e4hrige Geschichte zur\u00fcck. Gegr\u00fcndet im Jahr 1959, hat sich unser Betrieb als verl\u00e4sslicher Partner f\u00fcr Privatpersonen, Gartenbesitzer, Land- und Forstwirte sowie professionelle Gartenbaubetriebe etabliert. Mit einer Kombination aus Tradition, Leidenschaft und technischer Kompetenz stehen wir Ihnen seit Jahrzehnten zur Seite \u2013 und seit Kurzem mit neuem Inhaber.<\/p>\n\n\n\n<p>Den Artikel der NW finden Sie online auch <a href=\"https:\/\/www.nw.de\/lokal\/kreis_herford\/loehne\/24006705_Loehnes-letzte-Landmaschinen-Werkstatt-hat-einen-neuen-Inhaber.html\">HIER<\/a>.<\/p>\n\n<\/section>","protected":false},"excerpt":{"rendered":"<p>Unsere Leistungen Service f\u00fcr Kettens\u00e4gen und Rasenm\u00e4her Arbeiten bei der Inspektion und Wartung von Rasenm\u00e4hern:z.B.Reinigung, Luftfilter reinigen, Messer \/ Kette sch\u00e4rfen \/ schleifen und wuchten, R\u00e4der fetten, Riemen pr\u00fcfen, Vergaser\/regler pr\u00fcfen, abschmieren und \u00f6len, Probelauf, Radantrieb auf Funktion pr\u00fcfen Arbeiten bei der Inspektion und Wartung von Kettens\u00e4gen:z.B. Reinigung, Luftfilter reinigen, Kette sch\u00e4rfen , Vergaser pr\u00fcfen &#8230; <a title=\"\u00dcber uns\" class=\"read-more\" href=\"https:\/\/www.thaetmeyer.de\/?page_id=157\" aria-label=\"Mehr Informationen \u00fcber \u00dcber uns\">Weiterlesen<\/a><\/p>\n","protected":false},"author":1,"featured_media":0,"parent":0,"menu_order":0,"comment_status":"closed","ping_status":"closed","template":"","meta":{"footnotes":""},"class_list":["post-157","page","type-page","status-publish"],"_links":{"self":[{"href":"https:\/\/www.thaetmeyer.de\/index.php?rest_route=\/wp\/v2\/pages\/157","targetHints":{"allow":["GET"]}}],"collection":[{"href":"https:\/\/www.thaetmeyer.de\/index.php?rest_route=\/wp\/v2\/pages"}],"about":[{"href":"https:\/\/www.thaetmeyer.de\/index.php?rest_route=\/wp\/v2\/types\/page"}],"author":[{"embeddable":true,"href":"https:\/\/www.thaetmeyer.de\/index.php?rest_route=\/wp\/v2\/users\/1"}],"replies":[{"embeddable":true,"href":"https:\/\/www.thaetmeyer.de\/index.php?rest_route=%2Fwp%2Fv2%2Fcomments&post=157"}],"version-history":[{"count":18,"href":"https:\/\/www.thaetmeyer.de\/index.php?rest_route=\/wp\/v2\/pages\/157\/revisions"}],"predecessor-version":[{"id":1413,"href":"https:\/\/www.thaetmeyer.de\/index.php?rest_route=\/wp\/v2\/pages\/157\/revisions\/1413"}],"wp:attachment":[{"href":"https:\/\/www.thaetmeyer.de\/index.php?rest_route=%2Fwp%2Fv2%2Fmedia&parent=157"}],"curies":[{"name":"wp","href":"https:\/\/api.w.org\/{rel}","templated":true}]}}